{"id":12358,"date":"2023-02-06T12:28:02","date_gmt":"2023-02-06T12:28:02","guid":{"rendered":"https:\/\/augusta-store.com\/?post_type=product&#038;p=12358"},"modified":"2023-02-12T23:18:55","modified_gmt":"2023-02-12T23:18:55","slug":"tiara-gorgurao-reciclado","status":"publish","type":"product","link":"https:\/\/augusta-store.com\/?product=tiara-gorgurao-reciclado","title":{"rendered":"Tiara Gorgur\u00e3o Reciclado"},"content":{"rendered":"","protected":false},"excerpt":{"rendered":"<p>Tiara de Gorgur\u00e3o de Poli\u00e9ster Reciclado (a partir da reciclagem de Garrafas PET). Feito \u00e0 m\u00e3o por nosso artes\u00e3o.<\/p>\n","protected":false},"featured_media":12386,"comment_status":"open","ping_status":"closed","template":"","meta":{"_joinchat":[]},"product_brand":[],"product_cat":[111],"product_tag":[],"class_list":{"0":"post-12358","1":"product","2":"type-product","3":"status-publish","4":"has-post-thumbnail","6":"product_cat-tiaras","8":"first","9":"instock","10":"featured","11":"shipping-taxable","12":"purchasable","13":"product-type-variable"},"_links":{"self":[{"href":"https:\/\/augusta-store.com\/index.php?rest_route=\/wp\/v2\/product\/12358","targetHints":{"allow":["GET"]}}],"collection":[{"href":"https:\/\/augusta-store.com\/index.php?rest_route=\/wp\/v2\/product"}],"about":[{"href":"https:\/\/augusta-store.com\/index.php?rest_route=\/wp\/v2\/types\/product"}],"replies":[{"embeddable":true,"href":"https:\/\/augusta-store.com\/index.php?rest_route=%2Fwp%2Fv2%2Fcomments&post=12358"}],"version-history":[{"count":2,"href":"https:\/\/augusta-store.com\/index.php?rest_route=\/wp\/v2\/product\/12358\/revisions"}],"predecessor-version":[{"id":12379,"href":"https:\/\/augusta-store.com\/index.php?rest_route=\/wp\/v2\/product\/12358\/revisions\/12379"}],"wp:featuredmedia":[{"embeddable":true,"href":"https:\/\/augusta-store.com\/index.php?rest_route=\/wp\/v2\/media\/12386"}],"wp:attachment":[{"href":"https:\/\/augusta-store.com\/index.php?rest_route=%2Fwp%2Fv2%2Fmedia&parent=12358"}],"wp:term":[{"taxonomy":"product_brand","embeddable":true,"href":"https:\/\/augusta-store.com\/index.php?rest_route=%2Fwp%2Fv2%2Fproduct_brand&post=12358"},{"taxonomy":"product_cat","embeddable":true,"href":"https:\/\/augusta-store.com\/index.php?rest_route=%2Fwp%2Fv2%2Fproduct_cat&post=12358"},{"taxonomy":"product_tag","embeddable":true,"href":"https:\/\/augusta-store.com\/index.php?rest_route=%2Fwp%2Fv2%2Fproduct_tag&post=12358"}],"curies":[{"name":"wp","href":"https:\/\/api.w.org\/{rel}","templated":true}]}}